443032 and 1320?
264
What is the highest common divisor of 64050 and 2403870?
210
What is the highest common factor of 2224770 and 20?
10
Calculate the greatest common divisor of 1045068 and 25404.
876
What is the highest common factor of 39578 and 8690969?
1799
Calculate the highest common factor of 539 and 753277.
49
Calculate the highest common factor of 2530 and 13987105.
1265
Calculate the greatest common divisor of 22485 and 21225.
15
Calculate the greatest common divisor of 1581 and 41751048.
1581
What is the highest common divisor of 43 and 209596921?
43
What is the highest common factor of 49564 and 7764?
4
What is the highest common factor of 140028 and 3277322?
3334
What is the highest common factor of 832 and 239970848?
416
Calculate the highest common divisor of 32068932 and 1176.
588
What is the greatest common factor of 14246736 and 42?
42
What is the highest common factor of 110 and 8486984?
22
What is the greatest common factor of 1427584845 and 30?
15
Calculate the greatest common factor of 22631630 and 1960.
490
Calculate the highest common factor of 34498877 and 1519.
217
What is the greatest common factor of 2529254 and 585?
13
Calculate the highest common factor of 1844 and 40625164.
1844
Calculate the greatest common divisor of 62902 and 33490822.
8986
What is the greatest common factor of 1072 and 1183776?
16
Calculate the highest common factor of 475 and 7645025.
25
What is the greatest common divisor of 3483 and 807327?
81
What is the highest common divisor of 16740 and 350300?
620
What is the highest common divisor of 1163858 and 716?
358
Calculate the highest common divisor of 1173744 and 191178.
4446
What is the greatest common divisor of 248162 and 372986?
1486
Calculate the highest common factor of 2366 and 41314.
182
What is the greatest common divisor of 474 and 718046958?
474
What is the greatest common divisor of 3782976 and 342?
114
What is the greatest common divisor of 10571783 and 3313?
3313
Calculate the greatest common factor of 449962 and 333154.
314
Calculate the greatest common factor of 8140 and 1241720.
740
Calculate the highest common divisor of 40528 and 197538538.
5066
What is the highest common factor of 10318358 and 689?
53
What is the greatest common factor of 7532 and 5656?
28
What is the highest common factor of 13500 and 948900?
300
What is the greatest common factor of 36100310 and 5?
5
Calculate the highest common divisor of 8740 and 39335060.
460
What is the greatest common factor of 156 and 5782621?
13
Calculate the greatest common divisor of 429 and 18865704.
429
Calculate the highest common divisor of 634959 and 98423.
871
What is the highest common factor of 15760 and 147480?
40
What is the greatest common factor of 5995 and 1829245?
55
Calculate the highest common divisor of 54971756 and 21.
7
Calculate the highest common factor of 24158 and 142378.
514
Calculate the highest common divisor of 44784375 and 51.
51
What is the greatest common divisor of 424 and 29626?
2
Calculate the greatest common factor of 2438 and 410930995.
1219
Calculate the greatest common factor of 7746580 and 4640.
20
Calculate the highest common divisor of 368 and 219738320.
368
What is the greatest common factor of 326757 and 20769?
129
What is the greatest common factor of 16740651 and 2325?
93
Calculate the highest common divisor of 326390 and 2627630.
1270
Calculate the greatest common divisor of 1267050 and 1995.
15
What is the greatest common divisor of 64 and 149299792?
16
Calculate the highest common factor of 38 and 25594102.
38
Calculate the highest common divisor of 4306716 and 2403.
27
Calculate the highest common factor of 24735341 and 415412.
6109
Calculate the greatest common factor of 2778 and 11266642.
926
Calculate the greatest common divisor of 4137500 and 65900.
100
What is the greatest common factor of 1787643 and 1353?
33
What is the highest common divisor of 573655 and 310?
155
Calculate the greatest common factor of 98626 and 43912.
22
Calculate the highest common divisor of 15675 and 139315.
55
What is the highest common factor of 1402508 and 8333?
641
What is the greatest common factor of 652 and 21092244?
4
What is the greatest common divisor of 42 and 74414949?
21
Calculate the highest common factor of 12 and 18709170.
6
What is the highest common divisor of 846 and 20573310?
282
Calculate the greatest common divisor of 87906595 and 10.
5
Calculate the highest common divisor of 315936 and 437760.
288
Calculate the highest common factor of 123 and 165035250.
123
What is the greatest common factor of 32915174 and 58?
58
What is the highest common factor of 1034368 and 6272?
128
What is the greatest common divisor of 974201 and 41?
41
Calculate the greatest common divisor of 13771912 and 2002.
154
Calculate the greatest common factor of 2463674 and 2618.
34
What is the greatest common factor of 251551629 and 81?
27
Calculate the greatest common factor of 899800 and 59400.
2200
What is the greatest common divisor of 4390 and 285?
5
What is the highest common divisor of 762445467 and 252?
63
What is the highest common divisor of 1972 and 193001612?
1972
Calculate the highest common factor of 1026165252 and 2121.
2121
Calculate the highest common divisor of 869660 and 814.
22
What is the greatest common factor of 2071246 and 714?
34
Calculate the greatest common divisor of 7363 and 534713.
199
Calculate the highest common divisor of 140722743 and 84.
21
What is the highest common factor of 16809 and 6605079?
39
Calculate the highest common factor of 15072 and 2785488.
48
What is the greatest common divisor of 1482 and 1753225?
19
Calculate the highest common divisor of 1007573 and 56.
7
What is the greatest common factor of 16101438 and 3480?
174
Calculate the highest common divisor of 147063419 and 148.
37
What is the highest common divisor of 44634 and 1621875?
519
What is the greatest common factor of 5538 and 130072?
142
What is the greatest common factor of 697116092 and 454?
454
What is the greatest common divisor of 332911 and 2?
1
Calculate the greatest common divisor of 39 and 1714983.
3
What is the highest common factor of 96 and 2963646816?
96
Calculate the greatest common divisor of 30401990 and 2615.
2615
What is the highest common divisor of 90 and 1585674?
18
Calculate the greatest common factor of 38 and 346850054.
38
Calculate the greatest common factor of 717332 and 4972.
44
What is the highest common factor of 37539 and 61947692?
4171
Calculate the highest common factor of 15600 and 5889.
39
What is the highest common divisor of 142692 and 39974?
506
Calculate the highest common divisor of 5742 and 7598250.
198
Calculate the greatest common divisor of 165 and 5847963.
33
Calculate the greatest common divisor of 2705928 and 1116.
372
What is the greatest common divisor of 11597273 and 436?
109
What is the greatest common factor of 1642637 and 598?
23
What is the highest common factor of 2528 and 982286?
158
Calculate the greatest common divisor of 366 and 205710178.
122
What is the highest common factor of 618690 and 106190?
410
Calculate the highest common factor of 997737299 and 43.
43
What is the greatest common factor of 28554 and 42?
6
Calculate the highest common factor of 84 and 43071060.
12
Calculate the highest common factor of 3448 and 2467728.
8
Calculate the greatest common factor of 10192364 and 104.
52
Calculate the highest common divisor of 40048 and 304.
16
Calculate the highest common divisor of 1483703 and 13.
13
Calculate the greatest common factor of 443963250 and 10.
10
What is the highest common factor of 8961 and 819159?
309
What is the highest common factor of 2452804 and 148?
148
What is the greatest common factor of 2061124 and 1751516?
676
What is the highest common factor of 8279484 and 12?
12
Calculate the greatest common factor of 2009810 and 38720.
1210
What is the highest common factor of 371 and 8370131?
371
Calculate the greatest common factor of 44125368 and 168.
168
What is the greatest common divisor of 123037 and 2587811?
2017
Calculate the greatest common divisor of 12520962 and 496.
62
Calculate the highest common divisor of 2577400 and 84686.
3682
Calculate the greatest common factor of 1111759 and 98326.
211
What is the gr